 158 - 70. Suppose 7*h - p = 5*h. Calculate the remainder when 129 is divided by h.
41
What is the remainder when (-111648)/160*5/(-3) is divided by 12?
11
Let n(h) = 28*h**2 - 53*h - 374. Calculate the remainder when n(-9) is divided by 132.
127
Let t(z) = -2*z. Let a be t(-6). Let i be (-50)/15*a/(-8). Suppose -i*o = 2*p - 3*o - 8, -2*p - 4*o = 0. Calculate the remainder when 13 is divided by p.
5
Let l(i) = 5*i + 118. Calculate the remainder when 1479 is divided by l(6).
147
Let z(f) be the second derivative of 20*f**3/3 + 17*f**2 + 21*f. Calculate the remainder when z(1) is divided by 35.
4
Suppose 17*c + 2556 = 43*c - 14*c. What is the remainder when 653 is divided by c?
14
Let x(g) = -g**3 - 28*g**2 - g - 13. Let s be (-2 + 3)*-28*1. What is the remainder when 68 is divided by x(s)?
8
Suppose 0 = 2*i - 2*k - 114, 5*i = -4*k + 200 + 94. Suppose 4*t - 2*f - 99 + 25 = 0, -2*t - 2*f + 46 = 0. Calculate the remainder when i is divided by t.
18
Suppose 3*v - 329 = -5*h, -19*v + 17*v + 5*h + 261 = 0. Calculate the remainder when 351 is divided by v.
115
Suppose 0 = -5*i - 4 + 9, -5*v - i + 261 = 0. Suppose -3*s - a + 464 = 0, -740 = -23*s + 18*s + 5*a. Calculate the remainder when s is divided by v.
49
Calculate the remainder when -18 - (-2 + -13) - -348 is divided by 23.
0
Suppose 2*q = -4*d + 8, -4*d - 3*q + 7 = -3*d. Calculate the remainder when -113*(-2)/6 - d/(-3) is divided by 5.
3
Suppose 0 = -5*q + 259 + 166. What is the remainder when 16388/q - 3/(-15) is divided by 41?
29
Calculate the remainder when 1/((-444300)/(-55536) + -8) is divided by 36.
20
Let h(d) = 14*d - 16. Let t = 237 + -235. What is the remainder when 82 is divided by h(t)?
10
Let n(w) = 10*w**2 + 119*w - 20. What is the remainder when 453 is divided by n(-15)?
8
Suppose -y = -t - 133, 63 = 5*y - t - 606. Suppose -145*d = -y*d - 418. Suppose -m + 2*m = 72. What is the remainder when m is divided by d?
34
Suppose -89 = -3*u + 5*z, -4*z + 5*z = 3*u - 85. Suppose -2*w = -4*w + 14. What is the remainder when u is divided by w?
0
Let n = -269 + 23. Let v = n - -410. What is the remainder when v is divided by 858/15 + -2 + 8/10?
52
Suppose 25 = 5*o - 0. Let j = 87 + o. What is the remainder when j is divided by 38*(559/26 - 21)?
16
Suppose 3*y = -4*j + 4845, -2*y - 1119 = 4*j - 4345. Calculate the remainder when y is divided by 182.
163
Suppose 0 = t - 5*g + 21, 2 = t - 2*g + 8. Suppose -c - 102 = -t*c. Let b = 31227 - 31215. What is the remainder when c is divided by b?
10
Let o(i) = -i**3 + 4*i**2 - 2*i - 16. Let p be (3 - -2) + (1 - -1). What is the remainder when o(-3) is divided by 96/p + (-2)/(-7)?
11
Suppose -70*x + 100*x + 153*x = 43554. What is the remainder when 19752 is divided by x?
236
Suppose -3*t - 97 = 2*i + 193, i + 147 = -t. Let l = i + 181. Let a = 108 - 20. Calculate the remainder when a is divided by l.
28
Let b = 1 - -4. Let j(p) = 50*p + 19. Let m be j(-4). Let k = m - -185. What is the remainder when b is divided by k?
1
Let u = -26 + 182. Suppose -136*p + 148*p = u. What is the remainder when 245 is divided by p?
11
What is the remainder when (176/(-48))/(-11) - (-879)/9 is divided by 67?
31
Suppose -4*x - 156 = 432. Let w = x - -159. Calculate the remainder when 55 is divided by w.
7
Suppose 25*k = 32*k - 1673. Calculate the remainder when k is divided by 88.
63
Suppose 140 = 5*k - 419 + 159. What is the remainder when 2957 is divided by k?
77
Let a(c) = -c**2 + 12. What is the remainder when 225 is divided by a(0)?
9
Suppose -2*b = -101 - 39. Suppose -b = -3*l + 4*v, 0 = 4*v - 8. Let k = -8 + l. What is the remainder when k is divided by 5?
3
Suppose -139*a - 137 = -141*a + 5*i, 0 = -2*a - 5*i + 67. What is the remainder when 8053 is divided by a?
46
Let n(w) = -2*w**3 + 5*w**2 + 12. Let v be n(-4). Let t = v - 180. Calculate the remainder when 194 is divided by t.
34
Let y(p) = -82*p + 30. Calculate the remainder when y(-2) is divided by 3.
2
Suppose 3*b + 21 = v, -4*b + 3 - 11 = 2*v. Let t = 89 + -53. Suppose -21*l + 12*l = -t. What is the remainder when v is divided by l?
2
Let f be 8/(-2)*4*1. Suppose 121*v - 207*v - 426*v + 2048 = 0. Calculate the remainder when (24/f)/((-1)/26) is divided by v.
3
Suppose -21*r - 5*f = -26*r + 1630, 334 = r + 3*f. Calculate the remainder when r is divided by 22.
20
Let b(x) = x**2 - 7*x + 4. Let w be b(7). Suppose w*l - r - 168 = 3*l, -r = 5*l - 858. What is the remainder when l is divided by 29?
26
Let i(l) = 71*l. Let q be i(-1). Suppose 523 = 4*z + 127. Let x = q + z. Calculate the remainder when x is divided by 15.
13
Suppose 841 = 3*p + 55. Let c = -194 + p. What is the remainder when 203 is divided by c?
67
Suppose 4*k - 493 = -5*p + 262, 0 = 2*k - 4*p - 410. Let v = k + -189. Let u = 10 + -7. What is the remainder when v is divided by u?
0
Let r(v) = -v**3 + 17*v**2 - 27*v - 18. Let m = -6596 + 6722. What is the remainder when m is divided by r(15)?
18
Suppose 103*s - 7868 - 4183 = 0. Calculate the remainder when 2566 is divided by s.
109
Suppose -16*q = q - 6*q - 1540. Calculate the remainder when 294 is divided by q.
14
Let b = 224 + -215. Let q(k) = -k**3 + 14*k**2 - 16*k - 5. Calculate the remainder when q(b) is divided by 20.
16
Suppose -18*y - 130 = -31*y. What is the remainder when 486 is divided by y?
6
Let n = -25 - -29. Suppose 16 = 6*d - n*d. Suppose 7*c - d - 41 = 0. Calculate the remainder when 10 is divided by c.
3
Let t = -16 + 26. Let o(l) = -l**3 + 20*l**2 - 6*l - 16. Let f be o(19). Suppose z - f = -2*z. What is the remainder when z is divided by t?
7
Let j be (-400)/(-30)*(17/4 + -2). Let w be ((-96)/j)/((-8)/100). Let f = w - -8. What is the remainder when 95 is divided by f?
47
Let k = 1841 + -1729. What is the remainder when k is divided by 112?
0
Let u = -143 - -335. Calculate the remainder when u/(3 + 1) - 7 is divided by 28.
13
Let l be 6 + (-2)/(2/(-1)). Suppose 525*n - 670 - 1537 = 943. Calculate the remainder when 2*(l - (2 - 0)) is divided by n.
4
Suppose -30*b - 552 = -36*b. What is the remainder when 2388 is divided by b?
88
Let j be ((-14)/(-7) - 18)*-70. Suppose -m + j = 27*m. What is the remainder when 67 is divided by m?
27
Suppose -3648 - 36 = -6*n. Let k = n + -584. Calculate the remainder when 112 is divided by k.
22
What is the remainder when 505 is divided by (-12*28/(-672))/(1 + (-33)/34)?
12
Suppose -334 + 115 = -3*h. Let f be 2*12/(-8) + -73. Let b = -51 - f. Calculate the remainder when h is divided by b.
23
Let c = 46 - 42. Suppose 4*v - 8*v = -136. Calculate the remainder when 5/20 - (-267)/c is divided by v.
33
Let j(b) = 2*b**3 + 12*b**2 - 4*b - 33. Let q be j(-8). Let g = -196 - q. Calculate the remainder when 303 is divided by g.
59
Let t be (-6)/2*((-1179)/27 - 3). Suppose 3*f - w - t = 0, 0*f - 196 = -4*f - w. Calculate the remainder when 189 is divided by f.
45
Let y = 1431 + -598. What is the remainder when y is divided by 120?
113
What is the remainder when 398 is divided by -3 + -9 + 66 + 3?
56
Let l = -12939 - -12954. Let d = -3 - 1. Let h(f) = -14*f - 1. Calculate the remainder when h(d) is divided by l.
10
Suppose -2*u - 39 = 4*z - 61, -5*u = 3*z + 1. Let n(o) = -o**3 - o**2 - o + 35. What is the remainder when n(0) is divided by z?
3
Suppose -70*f - 14436 + 4212 = -354*f. Let v = -5 + 69. What is the remainder when v is divided by f?
28
Suppose -5*b = -5*h - b + 69, 0 = 4*h - 2*b - 66. Suppose -2*a = -5*x - 95, -x = 2*a - 3*a + 55. Let i = a - 22. What is the remainder when i is divided by h?
17
Let w = -114 - -175. What is the remainder when w is divided by (44 - 1) + -113 + 102?
29
Let y(m) = -m**3 - 60*m**2 + 101*m - 1368. What is the remainder when y(-62) is divided by 12?
10
Let q = 90 + -88. Suppose -9*p - 2*p = -q*p. Suppose -l + 75 = -p*l. What is the remainder when l is divided by 26?
23
Suppose -17124 = -29*z - 57*z + 75326. What is the remainder when z is divided by 212?
15
Let a be (2/4)/(514/(-172) + 3). Let q = a + -14. Suppose 3*c - 423 = 4*l - 167, c - 5*l - 100 = 0. Calculate the remainder when c is divided by q.
22
Suppose 0 = -12*r + 10*r - x + 1091, x + 2731 = 5*r. Calculate the remainder when r is divided by 182.
0
Suppose 5*k + 175 = 3*d, -5*d = -2*d + 4*k - 157. Let n = d - 26. Let o = 6487 - 6374. Calculate the remai